r of f and q.
15
Suppose -6*s = -3*s - 6, -5*s - 1970 = -3*r. Calculate the highest common divisor of r and 240.
60
Let i(g) be the second derivative of -g**5/20 + 3*g**4/4 - g**3/2 + 49*g**2/2 - 79*g + 1. Let h be i(9). Calculate the greatest common factor of 2 and h.
2
Let u(i) = -i**2 - 41*i + 534. Let o be u(-30). What is the greatest common factor of o and 156?
12
Suppose 31*g - 16*g = 21165. Calculate the highest common divisor of g and 1245.
83
Suppose -3*i = i - 168. Let j(s) = -s**2 - 39*s + 208. Let c be j(-34). What is the highest common divisor of i and c?
42
Suppose 5*s - 1818 = 1542. What is the greatest common divisor of s and 7224?
168
Let c = 202 - 202. Suppose 266*l - 264*l - 442 = c. What is the highest common divisor of l and 13?
13
Let r = 162 - 87. Let j be 8240/r - 6/(-45). Suppose -8*b + j = -2. Calculate the highest common factor of b and 14.
14
Suppose -2*k + 3*z = -153, 14*k - 152 = 12*k + 2*z. Suppose -h = -4*c - 49, -h + 5*h = -2*c + 178. Calculate the highest common divisor of k and h.
15
Suppose -133 + 358 = -3*z - w, -160 = 2*z + 4*w. Let q = 574 + z. What is the greatest common divisor of 20 and q?
20
Let v be (-37)/((-3367)/22230) - (-2)/(-7). What is the greatest common divisor of v and 2135?
61
Suppose -2*u + 5*v + 60 = 0, -2*u + 15 = -v - 53. Suppose -u*r + 1022 = -1743. What is the greatest common divisor of 553 and r?
79
Let y = -81 + 153. Suppose -27*u + 12 = -24*u. Suppose u*v - 2*r + r - 37 = 0, 5*r = -4*v + 7. What is the highest common divisor of y and v?
8
Suppose 3*s = -4*o + 11120 + 1424, -o + 4*s = -3136. What is the highest common divisor of 224 and o?
224
Let o(l) = l**2 + 10*l + 21. Let n be o(-9). Suppose -n*a + 23*a - 1419 = 0. Let j be -6 - -9 - (-1 - 82). Calculate the highest common factor of j and a.
43
Suppose 3*n - 222 = 36. Let f = n + -84. Suppose -3*r = 0, 4*r + 5 = 3*l - f*l. Calculate the greatest common factor of 2 and l.
1
Let p = 514 + -571. Let z be ((-77)/21 - -1)*p/2. Calculate the highest common factor of z and 16.
4
Let i be 1 + 1 + 0 - -118. Let q = -43 + 62. Suppose 2*r = -2*d + 77 - q, r - 5*d = -1. What is the greatest common divisor of r and i?
24
Let f = -72 - -102. Let y be 11 + -8 + 4/((-8)/10). Let m be 3 - (2/y)/(1/237). What is the greatest common factor of m and f?
30
Suppose 0 = -5*h - 2*u - 16, 3*u = 2*h + u - 2. Let d be 95 + -1 + -2*5/h. Calculate the greatest common divisor of 132 and d.
33
Let v be (-4)/(-6)*(-3 + 9). Suppose 0 = -5*t - 5*o + 2030, 112*o - 1576 = -4*t + 116*o. What is the greatest common factor of v and t?
4
Let d be (780/45)/(-2 - 3216/(-1611)). Let y be 2/4 - d/52. What is the greatest common divisor of 225 and y?
45
Let w(b) = -13*b**2 - 11*b - 5. Let j(v) = 32*v**2 + 28*v + 14. Let r(k) = 5*j(k) + 12*w(k). Let q be r(-2). What is the greatest common factor of 440 and q?
10
Let z be 78/66 - (-4)/(-22) - (700 - 1109). Calculate the highest common divisor of 90 and z.
10
Let g(r) = 9*r**3 + 174*r**2 + 24*r + 11. Let m be g(-19). What is the greatest common factor of m and 1102?
58
Let f(l) = -43*l - 23. Let i be f(-1). Let b be 338*i/25 - (-6)/(-15). Calculate the highest common divisor of 10 and b.
10
Suppose -10 = -154*m + 159*m. Let f be m/3 + (-33)/(-9). What is the highest common factor of 8 and f?
1
Let a = -285 - -283. Let f be 1044/24*(a + 6 - 2). Calculate the highest common divisor of 58 and f.
29
Suppose 13*l - 555 - 68 = -194. Calculate the greatest common factor of 44 and l.
11
Let o = 408 - 1095. Let y = -663 - o. Calculate the greatest common factor of 1536 and y.
24
Suppose -5 = -q + 11. Suppose 0 = 3*y - 12, 2*w + 90 = 3*w - 3*y. Suppose 0 = -5*x + 25, -w + 491 = 3*o + x. What is the greatest common factor of q and o?
16
Suppose 5*r - v = 30, -3*v + 40 = 5*r - 2*v. Suppose -r*z + 166 = -219. What is the greatest common divisor of 22 and z?
11
Suppose 76*b = 74*b - 20. Let k be 1*-1 - (b/2 + -447). What is the greatest common factor of 11 and k?
11
Let u = 341 - -967. What is the highest common factor of 12 and u?
12
Let u = 3687 + -2737. Calculate the highest common factor of u and 19.
19
Let l be (9 + -8)/2 - (-3)/2. Suppose 4*r - 382 = c, 80 = 3*r + l*c - 212. What is the greatest common factor of r and 36?
12
Let x be (-2)/2*(6 + -11 + -3959). Let d be 2*(-4)/80 - x/(-40). Let r = -20 + 42. Calculate the highest common factor of r and d.
11
Let k = -1570 - -1585. Let p = -29 + 104. What is the highest common divisor of k and p?
15
Suppose 6 + 14 = 5*b, -20 = -5*d + 5*b. What is the greatest common divisor of d and 3364?
4
Let h be ((-2)/8)/((5 - 6)/4). Let l be 47 + -6 + h + -3 + 1. Calculate the greatest common factor of 30 and l.
10
Suppose -59*t + 1907 = -1102. What is the greatest common factor of 8517 and t?
51
Let x = -179 + 94. Let l = x - -95. Suppose -l = 3*i - 46. Calculate the highest common factor of 36 and i.
12
Let k = -10160 - -20313. What is the greatest common factor of k and 143?
143
Let l = -3657 + 3765. Let p = -30 - -54. What is the highest common factor of l and p?
12
Let l be 3/18 + 16404/72. Calculate the greatest common divisor of l and 24.
12
Suppose -4*u + 208 = -3*u. Suppose -90*x + 547 = -893. Calculate the highest common divisor of u and x.
16
Let j be 3 - (2/(-30) - (-119952)/(-945)). What is the highest common factor of j and 9230?
130
Let h = 116 + -91. Suppose -h*j - 65 = -265. Suppose 2*t + 18 = 3*l - t, -3*t = -5*l + 30. Calculate the highest common factor of j and l.
2
Let l be (-111948)/(-10)*(-1230)/(-369). What is the greatest common factor of 76 and l?
76
Let l be ((-36)/(-10))/((-24)/(-960)). Suppose 0 = 42311*z - 42330*z + 10032. What is the greatest common factor of l and z?
48
Suppose 2*j + 12 = 4*k, 3 = -k - j + 12. Suppose 4*w + k*c - 86 = w, 64 = 2*w + 5*c. Let f = w - 20. What is the highest common divisor of 16 and f?
2
Let b be -6 + 5 + -4 + 6. Let a be 12/8*34/3. Let u = a - 16. Calculate the greatest common factor of b and u.
1
Let r(a) = -a**3 + 8*a**2 - 9*a + 9. Let d be r(4). Let w(i) = -9*i**3 + 3*i**2 - 3*i - 16. Let j be w(-2). Calculate the highest common divisor of j and d.
37
Let s(w) = 155*w**3 + w**2 - w - 1. Suppose -22*r = 2*u - 23*r, 0 = -u - 2*r + 5. Let o be s(u). Calculate the highest common divisor of 44 and o.
22
Let l(p) = 9*p**2 + 31*p - 75. Let r be l(5). What is the greatest common factor of 45 and r?
5
Let p = -21 + 53. Let r(o) = 207*o**2 + 306*o + 307. Let a be r(-1). Calculate the greatest common divisor of a and p.
16
Let q be (-6)/(-4)*(-22 - -20). Let z be 2*q/15 + (-4)/(-10). Suppose 2*a + 0*a - 22 = z. What is the greatest common divisor of 99 and a?
11
Let b(w) = w**2 + 9*w - 6. Let a be b(-10). Let s = 191 - a. Suppose 0 = z + 2*z - 51. What is the highest common divisor of s and z?
17
Let q = 121 - 102. Suppose q*i - 12*i - 280 = 0. What is the highest common factor of i and 180?
20
Let h be (-351)/(-65) + 4/(-10). Suppose -58 = v - h. Let j = v - -81. What is the greatest common factor of 70 and j?
14
Let v be 25/5*-1 - -16. Let i(c) = 2*c + 2. Let g be i(v). Calculate the highest common divisor of g and 84.
12
Let r = -45 - -153. Suppose 5*v - g = -135, v - r = 5*v - 2*g. Let c be v*(244/(-84) - (-6)/(-14)). Calculate the highest common factor of 225 and c.
45
Let p = 14703 + -6651. Calculate the greatest common divisor of p and 396.
132
Let r = 6526 + -6370. Calculate the greatest common divisor of 364 and r.
52
Let m(u) = 3*u**2 - 2*u + 1. Let p be m(-3). Let n(c) = -c**3 + 18*c**2 - 39*c - 16. Let q be n(3). Calculate the greatest common divisor of p and q.
2
Let z(o) = -o**3 - 170*o**2 + 1427*o + 971. Let f be z(-178). Let u = 66 + -47. What is the highest common factor of f and u?
19
Let y(l) = 141*l**2 + l + 1. Let u be y(-1). Suppose 5*p - 1877 = -3*a, 1054*a = 3*p + 1049*a - 1133. What is the highest common factor of u and p?
47
Suppose 0 = -2*k - 3*n + 301 + 671, 0 = 5*n. Calculate the greatest common divisor of 432 and k.
54
Let z(h) = 69*h - 268. Let d be z(20). What is the greatest common factor of d and 2641?
139
Suppose -3*v + 0 - 324 = -3*t, v + 3*t + 112 = 0. Let f = v + 208. What is the greatest common divisor of 36 and f?
9
Let u = 2 - 6. Let v be 8/6*(-42)/u. Let p = -25889 - -25931. What is the highest co